5*s**3 + 4*s**3 - 8*s**3 - b*s + 10*s**2 - 14. Is y(-11) a composite number?
False
Let z = 26 + -20. Is 18177/27 + z/(-27) prime?
True
Let c(h) = h**3 + 19*h**2 - 21*h - 12. Let v be c(-20). Suppose 1348 = -v*y + 12*y. Is y a composite number?
False
Let k(i) = -79*i**2 + 9*i - 5. Let a(q) = 16*q**2 - 2*q + 1. Let d(z) = 33*a(z) + 6*k(z). Is d(5) a composite number?
True
Suppose 2*n = 395 + 1279. Suppose -n - 988 = 5*g + 5*x, -3*x = -5*g - 1801. Let t = g - -511. Is t a composite number?
False
Suppose 5*f = -57 - 1733. Let u = -179 - f. Is u prime?
True
Suppose 238100 = 6*r - 275866. Is r a prime number?
True
Let u(w) = 2*w**2 + 1. Let j be u(-1). Suppose h + 0 = m - 4, -16 = -j*m - h. Suppose 0 = -m*a + 155 + 1115. Is a composite?
True
Suppose 3*r = -5*f - 11, 0 = -r + f - 1. Let j be 5 - ((-2)/r + 2). Suppose j*z - 1055 = -3*z. Is z a composite number?
False
Let y(n) = -14013*n - 7. Is y(-2) a prime number?
True
Let g be (-1)/(314/(-156) + 2). Let m = 305 + -100. Let x = m - g. Is x a prime number?
True
Let f(h) = 8*h**3 - 3*h**2 - 5*h + 7. Is f(3) composite?
False
Suppose 61548 = -59*v + 71*v. Is v a prime number?
False
Suppose -5*f + 2*i = -148151, 35*i - 36*i = 2*f - 59255. Is f a prime number?
True
Let m = 24195 - 14634. Is m a prime number?
False
Let d(o) = 20*o**3 + o**2 - 11*o + 19. Is d(2) composite?
True
Suppose 3*c - 4*s = 26, s = c - 7 - 0. Suppose -c*y = 4*y - 6438. Is y composite?
True
Suppose -4*p + 4*c + 8 = 0, -3 = -3*p + c + 7. Suppose p*o = 23 - 7. Suppose -2*z - o*m = -6*m - 604, z + 4*m - 287 = 0. Is z a composite number?
True
Suppose -10*d = -4*d - 12660. Suppose -5*k = -k - 5*f - 1651, 3*f = -5*k + d. Is k prime?
True
Suppose 13 = -2*k + 23. Let f = k + -5. Suppose f = -16*i + 15*i + 623. Is i a prime number?
False
Let d(w) = -w**2 + 10*w + 12. Let z be d(9). Suppose 3*h - z = -5*l + 20, -5*h + l + 87 = 0. Suppose -16 = -t + h. Is t a composite number?
True
Let t = 129 - 114. Suppose -x = -t*x + 19362. Is x a prime number?
False
Is 72/(-1368) + (-33384)/(-19) composite?
True
Suppose -3*s + 6 = 3*s. Let m be (-42)/(s/3*3). Is (m/4)/((-15)/30) prime?
False
Is 1/((-3080)/9249 - 45/(-135)) composite?
False
Suppose 0 = 5*p - 15, -z + 4*p - 9 = 1. Suppose -c - 3051 - 3588 = -5*a, 0 = -4*a + z*c + 5316. Is a prime?
True
Suppose 8872 = -6*q + 8*q. Suppose 2534 = 10*a - q. Is a composite?
True
Is 6/4*((-30325)/(-15) - 9) a prime number?
True
Suppose y = 3*z + 212, 5*z - 4*y + 387 = 36. Let n = z + 144. Let g = n - 42. Is g a composite number?
False
Suppose -747 = -2*o + 515. Is o a composite number?
False
Suppose -15*x + 3*f = -18*x + 187893, 0 = -3*x + 3*f + 187917. Is x prime?
False
Suppose -3 - 3 = -2*k. Let y(c) = -8*c**3 + c**2 - c. Let b be y(-3). Is k/15 + b/10 a composite number?
False
Let i(g) = 17*g - 3 - 4*g + 39*g**3 + 10*g**2 - 44*g**3 - 8. Is i(-9) a prime number?
True
Let n(l) = 911*l - 101. Is n(12) a composite number?
False
Suppose 673295 = -9*h + 44*h. Is h a composite number?
False
Let a = -70 - -86. Is (-1)/(-2) - (-7640)/a prime?
False
Suppose -19*b + 20*b = 5779. Is b prime?
True
Suppose 7*v - 4*v = -15. Is 3/12*2691 + v/(-20) prime?
True
Suppose 11*t - 148 = 9829. Is t composite?
False
Let t be (-52)/6*(-9)/6. Let x = 12 - 2. Suppose t + x = v. Is v composite?
False
Suppose -40861 - 56078 = -9*n. Is n prime?
True
Suppose 3*y + 2613 = z, -3*z = z - 2*y - 10412. Suppose 4*t - z = -5*t. Is t a prime number?
False
Suppose 5*d = 4*d. Let y(m) = 0 + d + 4*m + 3*m. Is y(1) a prime number?
True
Suppose 0 = -4*g + 18 + 2. Suppose 578 = 2*m - 3*t + g*t, 3*t - 1449 = -5*m. Is m prime?
False
Let d(u) = 46*u**3 - 10*u**2 - 2*u + 3. Suppose a + 10 = 4*y + 33, 4*a = -2*y + 2. Is d(a) a composite number?
True
Let z(r) = r**2 - 3*r - 7. Let q be z(7). Suppose q = -4*w + 7*w. Is w*14*(-7)/(-14) a prime number?
False
Let d(z) = z**3 - 3*z**2 + 5*z - 1. Suppose 0 = f - 2 - 1. Suppose -2*i + 23 = 5*h, 0*i - 3*h = -f*i + 3. Is d(i) prime?
False
Suppose 3*b + 3*t - 21 = 0, -3*b + 2*t = b - 16. Let d = -3 + b. Suppose -d*x - 134 = -2*l, -5*x + 96 = 2*l - 38. Is l composite?
False
Suppose 0 = 3*g - g - 4. Suppose -g*b + 257 = -269. Is b a composite number?
False
Let u = -14 - -19. Suppose -u*j + 3*t = -10820, -3*t + t = -j + 2164. Is (-1)/(-2*2/j) a prime number?
True
Let l be (-14)/((-16)/(-4) + -3). Let q be (-6)/4 - 21/l. Suppose q = -4*b + b + 867. Is b a composite number?
True
Let n(g) = -173*g - 3. Let i be n(-6). Let u = -590 + i. Is u composite?
True
Let c be ((5/(-2))/(-1))/((-145)/(-116)). Is 2 + (c - 1) - (-1303)/1 a prime number?
False
Suppose -15591 = f - 67034. Is f a prime number?
False
Let r = -35 - 41. Let j = r - -383. Is j a composite number?
False
Let o be 3/(-5) - (-16)/10. Let l(t) = 410*t**3 - 3*t**2 + t + 1. Is l(o) a prime number?
True
Suppose 3*v = -3, -2*i + 3*v = -0*i - 3. Let m(o) = -o**3 - 143 + 0*o**2 + 496 + o - o**2. Is m(i) composite?
False
Suppose -3*v - 100 = -7*v. Let r = -105 - -63. Let f = v - r. Is f a composite number?
False
Let o be 1*(-1 - 1)/(-2). Let a be 3 - (o - 5 - -4). Is 2*(74 + 0 - a) a composite number?
True
Let w(t) = 79*t**2 - 58*t + 24. Is w(17) a prime number?
False
Suppose 0 = -4*o + o + 6. Is (-356 + 3)/(o/(-2)) a composite number?
False
Suppose 7142 = 2*t + 4*p, -p + 631 - 7753 = -2*t. Is t prime?
False
Suppose -18939 = -9*u - 4026. Is u a prime number?
True
Let m = 76329 - 42920. Is m a composite number?
False
Let m(k) = 2321*k - 203. Is m(9) prime?
False
Let g(w) be the third derivative of 4*w**6/45 + w**5/60 - w**4/24 - 2*w**3/3 + 4*w**2. Let d(t) be the first derivative of g(t). Is d(2) a prime number?
True
Let g be (-30)/(-8) + 2/8. Suppose -g*c + 3*p - 5*p = -1516, -p - 379 = -c. Is c a prime number?
True
Let t be -1 - (2 - 12890/2). Suppose -7*v - 2039 = -t. Is v prime?
False
Suppose -80*s - 4953 = -83*s. Is s a prime number?
False
Let r(z) = 2*z - 10. Let a = 20 + -13. Let o be r(a). Suppose 3*m - 1125 = o*y, m = 4*y - 145 + 528. Is m prime?
False
Let d(p) = -3*p**2 + 2*p - 1. Suppose c = m - c - 11, 0 = -4*m + 3*c + 19. Let w be d(m). Is (w/1)/((-10)/565) prime?
True
Suppose -3*d + 4*r = -27, 3*d - 4*r = -3*r + 18. Suppose -17 = -d*l - 2, -w - 4*l + 370 = 0. Is (-9)/(3 + 0) + w a composite number?
True
Suppose -1595 + 6740 = 3*z. Let b = z + -558. Is b composite?
True
Let r = 4167 - 1880. Is r prime?
True
Suppose -4*f - 5*s + 1355 = 0, 5*f = 6*f - s - 332. Is f a prime number?
False
Let j = 83 - 81. Suppose 0 = -4*b + 5*x + 2736, 222 + 1160 = j*b + x. Is b a prime number?
False
Let r = -14 - -17. Suppose -391 = -4*i - j, r*i + j - 2*j - 302 = 0. Is 3681/i + (-2)/11 a prime number?
True
Let f(r) = r**3 + 4*r**2 + 3*r. Let o be f(-2). Suppose -j = o*j + 9, -j = -s + 1459. Let p = -285 + s. Is p a prime number?
True
Suppose 21163 = 7*l - 9616. Is l prime?
True
Let l(z) be the second derivative of -833*z**3/2 + 2*z**2 + 37*z. Is l(-1) prime?
True
Let y be (-4)/(-18) + 22/(-18) + 4. Suppose -8*j + 3*j + 25 = 0. Suppose -i - 61 = y*t - 4*t, t = -j*i + 49. Is t a prime number?
True
Let r(f) = -5*f**2 + 3*f + 337. Let h(p) = -p**2 + p. Let o(x) = -4*h(x) + r(x). Is o(0) composite?
False
Let r(w) = -6 + w**3 + 3*w**2 - 6 + 8*w - 11*w**2. Let n be r(9). Let m = n - -92. Is m composite?
False
Is 2/(-15) + -7*3551/(-15) composite?
False
Let z(a) = 48*a**2 - 34*a + 77. Is z(9) a composite number?
False
Suppose -6*z + 26 - 20 = 0. Is (668 - -3) + (3 - z) composite?
False
Let m be 8/(120/175) - (-3)/9. Let r = 396 + -226. Let k = r - m. Is k prime?
False
Let a(s) = 9 - s + 8*s - 4*s**2 + 2*s - s**3. Is a(-10) a composite number?
True
Is (-14778)/(-6) - -6 - 2 a prime number?
True
Let g(i) = 49*i**2 + 41*i - 395. Is g(7) composite?
False
Suppose 652786 = 49*z + 100409. Is z a composite number?
False
Let d = 1187 + -386. Suppose 4*x - d - 2483 = 0. Is x a prime number?
True
Let v(x) = -6*x**2 + 7*x + 2. Suppose 19 - 13 = g. Let f be v(g). Is 2/8 + f/(-16) prime?
True
Let x be (15/(-9))/5 - 2/(-6). Suppose 17*p - 22*p + 1465 = x. Is p composite?
False
Suppose 1731 = 7*j - 6*j. Is j prime?
False
Let o = 7 + -6. Let k(v) = 12*v**2 - 1. Let q be k(o). Let r(u) = u**2 - 9*u - 8. Is r(q) a prime number?
False
Suppose 18*f + 1798 = -2. Let q = -267 - -116. Let i = f - q. Is i composi